{"id":10,"date":"2020-03-11T15:21:03","date_gmt":"2020-03-11T13:21:03","guid":{"rendered":"http:\/\/naervarme.dk\/?page_id=10"},"modified":"2023-07-03T15:05:34","modified_gmt":"2023-07-03T13:05:34","slug":"forside","status":"publish","type":"page","link":"https:\/\/naervarme.dk\/co2-beregner\/","title":{"rendered":"CO2-Beregner"},"content":{"rendered":"\t\t<div data-elementor-type=\"wp-page\" data-elementor-id=\"10\" class=\"elementor elementor-10\" data-elementor-post-type=\"page\">\n\t\t\t\t\t\t<section class=\"elementor-section elementor-top-section elementor-element elementor-element-86a2f7b elementor-section-stretched elementor-section-full_width elementor-section-content-bottom elementor-section-height-default elementor-section-height-default\" data-id=\"86a2f7b\" data-element_type=\"section\" data-settings=\"{&quot;background_background&quot;:&quot;classic&quot;,&quot;stretch_section&quot;:&quot;section-stretched&quot;}\">\n\t\t\t\t\t\t<div class=\"elementor-container elementor-column-gap-default\">\n\t\t\t\t\t<div class=\"elementor-column elementor-col-100 elementor-top-column elementor-element elementor-element-716c2ee9\" data-id=\"716c2ee9\" data-element_type=\"column\" data-settings=\"{&quot;background_background&quot;:&quot;classic&quot;}\">\n\t\t\t<div class=\"elementor-widget-wrap elementor-element-populated\">\n\t\t\t\t\t\t<div class=\"elementor-element elementor-element-c2ef641 elementor-widget elementor-widget-html\" data-id=\"c2ef641\" data-element_type=\"widget\" data-widget_type=\"html.default\">\n\t\t\t\t<div class=\"elementor-widget-container\">\n\t\t\t\t\t<script src=\"https:\/\/naervarme.dk\/co2-beregner\/wp-content\/themes\/hello-elementor-child\/iframeResizer.min.js\"><\/script>\n<iframe src=\"https:\/\/tilbud.naervarme.dk\/carbon-compare\" height=\"100%\" width=\"100%\" id=\"ft_iframe_modal\" class=\"ft_iframe_modal\" style=\"border-top-left-radius: 10px;border-bottom-left-radius: 10px; border: unset;width:1px;min-width:100%;min-height:780px;\"><\/iframe>\n<script>\ndocument.getElementById('ft_iframe_modal').onload = function(){\n  iFrameResize({ log: false }, '#ft_iframe_modal');\n}\n<\/script>\t\t\t\t<\/div>\n\t\t\t\t<\/div>\n\t\t\t\t\t<\/div>\n\t\t<\/div>\n\t\t\t\t\t<\/div>\n\t\t<\/section>\n\t\t<div class=\"elementor-element elementor-element-1d5e13b e-flex e-con-boxed e-con e-parent\" data-id=\"1d5e13b\" data-element_type=\"container\">\n\t\t\t\t\t<div class=\"e-con-inner\">\n\t\t\t\t<div class=\"elementor-element elementor-element-2eee9d4 elementor-shape-rounded elementor-grid-0 e-grid-align-center elementor-widget elementor-widget-social-icons\" data-id=\"2eee9d4\" data-element_type=\"widget\" data-widget_type=\"social-icons.default\">\n\t\t\t\t<div class=\"elementor-widget-container\">\n\t\t\t\t\t\t\t<div class=\"elementor-social-icons-wrapper elementor-grid\" role=\"list\">\n\t\t\t\t\t\t\t<span class=\"elementor-grid-item\" role=\"listitem\">\n\t\t\t\t\t<a class=\"elementor-icon elementor-social-icon elementor-social-icon-facebook elementor-animation-bounce-in elementor-repeater-item-7663f68\" href=\"https:\/\/www.facebook.com\/sharer\/sharer.php?u=https:\/\/naervarme.dk\/co2-beregner\/\" target=\"_blank\">\n\t\t\t\t\t\t<span class=\"elementor-screen-only\">Facebook<\/span>\n\t\t\t\t\t\t<svg aria-hidden=\"true\" class=\"e-font-icon-svg e-fab-facebook\" viewBox=\"0 0 512 512\" xmlns=\"http:\/\/www.w3.org\/2000\/svg\"><path d=\"M504 256C504 119 393 8 256 8S8 119 8 256c0 123.78 90.69 226.38 209.25 245V327.69h-63V256h63v-54.64c0-62.15 37-96.48 93.67-96.48 27.14 0 55.52 4.84 55.52 4.84v61h-31.28c-30.8 0-40.41 19.12-40.41 38.73V256h68.78l-11 71.69h-57.78V501C413.31 482.38 504 379.78 504 256z\"><\/path><\/svg>\t\t\t\t\t<\/a>\n\t\t\t\t<\/span>\n\t\t\t\t\t\t\t<span class=\"elementor-grid-item\" role=\"listitem\">\n\t\t\t\t\t<a class=\"elementor-icon elementor-social-icon elementor-social-icon-twitter elementor-animation-bounce-in elementor-repeater-item-b07b0bd\" href=\"https:\/\/twitter.com\/intent\/tweet?url=https:\/\/naervarme.dk\/co2-beregner\/\" target=\"_blank\">\n\t\t\t\t\t\t<span class=\"elementor-screen-only\">Twitter<\/span>\n\t\t\t\t\t\t<svg aria-hidden=\"true\" class=\"e-font-icon-svg e-fab-twitter\" viewBox=\"0 0 512 512\" xmlns=\"http:\/\/www.w3.org\/2000\/svg\"><path d=\"M459.37 151.716c.325 4.548.325 9.097.325 13.645 0 138.72-105.583 298.558-298.558 298.558-59.452 0-114.68-17.219-161.137-47.106 8.447.974 16.568 1.299 25.34 1.299 49.055 0 94.213-16.568 130.274-44.832-46.132-.975-84.792-31.188-98.112-72.772 6.498.974 12.995 1.624 19.818 1.624 9.421 0 18.843-1.3 27.614-3.573-48.081-9.747-84.143-51.98-84.143-102.985v-1.299c13.969 7.797 30.214 12.67 47.431 13.319-28.264-18.843-46.781-51.005-46.781-87.391 0-19.492 5.197-37.36 14.294-52.954 51.655 63.675 129.3 105.258 216.365 109.807-1.624-7.797-2.599-15.918-2.599-24.04 0-57.828 46.782-104.934 104.934-104.934 30.213 0 57.502 12.67 76.67 33.137 23.715-4.548 46.456-13.32 66.599-25.34-7.798 24.366-24.366 44.833-46.132 57.827 21.117-2.273 41.584-8.122 60.426-16.243-14.292 20.791-32.161 39.308-52.628 54.253z\"><\/path><\/svg>\t\t\t\t\t<\/a>\n\t\t\t\t<\/span>\n\t\t\t\t\t\t\t<span class=\"elementor-grid-item\" role=\"listitem\">\n\t\t\t\t\t<a class=\"elementor-icon elementor-social-icon elementor-social-icon-linkedin elementor-animation-bounce-in elementor-repeater-item-7553070\" href=\"https:\/\/www.linkedin.com\/sharing\/share-offsite\/?url=https:\/\/naervarme.dk\/co2-beregner\/\" target=\"_blank\">\n\t\t\t\t\t\t<span class=\"elementor-screen-only\">Linkedin<\/span>\n\t\t\t\t\t\t<svg aria-hidden=\"true\" class=\"e-font-icon-svg e-fab-linkedin\" viewBox=\"0 0 448 512\" xmlns=\"http:\/\/www.w3.org\/2000\/svg\"><path d=\"M416 32H31.9C14.3 32 0 46.5 0 64.3v383.4C0 465.5 14.3 480 31.9 480H416c17.6 0 32-14.5 32-32.3V64.3c0-17.8-14.4-32.3-32-32.3zM135.4 416H69V202.2h66.5V416zm-33.2-243c-21.3 0-38.5-17.3-38.5-38.5S80.9 96 102.2 96c21.2 0 38.5 17.3 38.5 38.5 0 21.3-17.2 38.5-38.5 38.5zm282.1 243h-66.4V312c0-24.8-.5-56.7-34.5-56.7-34.6 0-39.9 27-39.9 54.9V416h-66.4V202.2h63.7v29.2h.9c8.9-16.8 30.6-34.5 62.9-34.5 67.2 0 79.7 44.3 79.7 101.9V416z\"><\/path><\/svg>\t\t\t\t\t<\/a>\n\t\t\t\t<\/span>\n\t\t\t\t\t<\/div>\n\t\t\t\t\t\t<\/div>\n\t\t\t\t<\/div>\n\t\t\t\t<div class=\"elementor-element elementor-element-3edac9a elementor-widget elementor-widget-heading\" data-id=\"3edac9a\" data-element_type=\"widget\" data-widget_type=\"heading.default\">\n\t\t\t\t<div class=\"elementor-widget-container\">\n\t\t\t\t\t<h1 class=\"elementor-heading-title elementor-size-default\">CO2-beregner: F\u00e5 styr p\u00e5 dit klimaaftryk<\/h1>\t\t\t\t<\/div>\n\t\t\t\t<\/div>\n\t\t\t\t\t<\/div>\n\t\t\t\t<\/div>\n\t\t<div class=\"elementor-element elementor-element-5eb1cdd e-flex e-con-boxed e-con e-parent\" data-id=\"5eb1cdd\" data-element_type=\"container\">\n\t\t\t\t\t<div class=\"e-con-inner\">\n\t\t\t\t<div class=\"elementor-element elementor-element-0bd108d elementor-widget elementor-widget-text-editor\" data-id=\"0bd108d\" data-element_type=\"widget\" data-widget_type=\"text-editor.default\">\n\t\t\t\t<div class=\"elementor-widget-container\">\n\t\t\t\t\t\t\t\t\t<p>Med CO2-beregneren eller CO2-omregneren kan du f\u00e5 sat et h\u00e5ndgribeligt billede p\u00e5, hvor stor klimagevinsten er, n\u00e5r du skrotter dit oliefyr eller gasfyr. Del siden med andre, hvis du kender nogen, der kan have gl\u00e6de af at se, hvor stor CO2-besparelsen faktisk er &#8211; at det i den grad batter noget.<\/p><p><span style=\"font-family: Muli;\">Er du en milj\u00f8bevidst person, der gerne vil reducere dit klimaaftryk? S\u00e5 har du sikkert allerede t\u00e6nkt over, hvordan dine forbrugsvaner p\u00e5virker milj\u00f8et. Det kan dog v\u00e6re sv\u00e6rt at f\u00e5 et helt pr\u00e6cist billede af, hvor stor din CO2-udledning er, og hvordan du kan \u00e6ndre den. Men heldigvis kan vores CO2-beregner hj\u00e6lpe dig med netop det. Med dette v\u00e6rkt\u00f8j kan du nemlig f\u00e5 en beregning\/omregning af din CO2-udledning, og se hvor stor klimagevinsten er, hvis du \u00e6ndrer dine forbrugsvaner. Herunder din varmekilde. Du kan ogs\u00e5 pr\u00f8ve vores online varmepumpe-prisberegner, hvor du med det samme p\u00e5 sk\u00e6rmen, kan f\u00e5 oplyst prisen med prisgaranti p\u00e5 et komplet varmepumpeanl\u00e6g inkl. montering \u2013 p\u00e5 abonnement- eller som k\u00f8bsl\u00f8sning <\/span><a title=\"https:\/\/naervarme.dk\/beregner\/\" href=\"https:\/\/naervarme.dk\/beregner\/\"><span style=\"font-family: Muli;\">her.<\/span><\/a><\/p>\t\t\t\t\t\t\t\t<\/div>\n\t\t\t\t<\/div>\n\t\t\t\t\t<\/div>\n\t\t\t\t<\/div>\n\t\t<div class=\"elementor-element elementor-element-50b60fa e-flex e-con-boxed e-con e-parent\" data-id=\"50b60fa\" data-element_type=\"container\">\n\t\t\t\t\t<div class=\"e-con-inner\">\n\t\t\t\t<div class=\"elementor-element elementor-element-a8937b6 elementor-widget elementor-widget-heading\" data-id=\"a8937b6\" data-element_type=\"widget\" data-widget_type=\"heading.default\">\n\t\t\t\t<div class=\"elementor-widget-container\">\n\t\t\t\t\t<h2 class=\"elementor-heading-title elementor-size-default\">S\u00e5dan bruger du CO2-beregneren til at f\u00e5 et h\u00e5ndgribeligt billede p\u00e5 dit klimaaftryk<\/h2>\t\t\t\t<\/div>\n\t\t\t\t<\/div>\n\t\t\t\t\t<\/div>\n\t\t\t\t<\/div>\n\t\t<div class=\"elementor-element elementor-element-ba6843d e-flex e-con-boxed e-con e-parent\" data-id=\"ba6843d\" data-element_type=\"container\">\n\t\t\t\t\t<div class=\"e-con-inner\">\n\t\t\t\t<div class=\"elementor-element elementor-element-7b5a907 elementor-widget elementor-widget-text-editor\" data-id=\"7b5a907\" data-element_type=\"widget\" data-widget_type=\"text-editor.default\">\n\t\t\t\t<div class=\"elementor-widget-container\">\n\t\t\t\t\t\t\t\t\t<p><span style=\"font-family: Muli;\">Det er nemt at bruge vores CO2-beregninger. Alt du skal g\u00f8re, er at indtaste dine forbrugsdata for enten oliefyr, gasfyr eller varmepumpe, og s\u00e5 vil beregneren vise dig, hvor meget CO2 du udleder i dag. Du kan s\u00e5 sammenligne forskellige varmekilder og se, hvor meget CO2 du kan spare ved at skifte til en mere milj\u00f8venlig varmepumpel\u00f8sning gennem N\u00e6rvarme Danmark. Det er en god m\u00e5de at f\u00e5 et hurtigt og effektivt overblik over, hvor du kan g\u00f8re en forskel for milj\u00f8et. <\/span><\/p><p>\u00a0<\/p><p><span style=\"font-family: Muli;\">Vores CO2-beregner er et sjovt lille praktisk v\u00e6rkt\u00f8j til alle, der \u00f8nsker at g\u00f8re en indsats for milj\u00f8et. Med denne enkle beregner kan du f\u00e5 et bedre billede af, hvor store konsekvenser dine forbrugsvaner har for klimaet. Og n\u00e5r du f\u00f8rst ved, hvor du kan g\u00f8re en forskel, kan du begynde at tage de rigtige skridt til at \u00e6ndre dine vaner og reducere dit klimaaftryk. Det er en lille, men vigtig handling, som vi alle kan tage for at hj\u00e6lpe med at beskytte vores planet.<\/span><\/p>\t\t\t\t\t\t\t\t<\/div>\n\t\t\t\t<\/div>\n\t\t\t\t\t<\/div>\n\t\t\t\t<\/div>\n\t\t<div class=\"elementor-element elementor-element-14685a0 e-flex e-con-boxed e-con e-parent\" data-id=\"14685a0\" data-element_type=\"container\">\n\t\t\t\t\t<div class=\"e-con-inner\">\n\t\t\t\t<div class=\"elementor-element elementor-element-f6cffd1 elementor-widget elementor-widget-heading\" data-id=\"f6cffd1\" data-element_type=\"widget\" data-widget_type=\"heading.default\">\n\t\t\t\t<div class=\"elementor-widget-container\">\n\t\t\t\t\t<h2 class=\"elementor-heading-title elementor-size-default\">Hvorfor er det vigtigt at beregne og \u00e6ndre vores forbrugsvaner for at reducere CO2-udledning?<\/h2>\t\t\t\t<\/div>\n\t\t\t\t<\/div>\n\t\t\t\t\t<\/div>\n\t\t\t\t<\/div>\n\t\t<div class=\"elementor-element elementor-element-7f757cb e-flex e-con-boxed e-con e-parent\" data-id=\"7f757cb\" data-element_type=\"container\">\n\t\t\t\t\t<div class=\"e-con-inner\">\n\t\t\t\t<div class=\"elementor-element elementor-element-169b297 elementor-widget elementor-widget-text-editor\" data-id=\"169b297\" data-element_type=\"widget\" data-widget_type=\"text-editor.default\">\n\t\t\t\t<div class=\"elementor-widget-container\">\n\t\t\t\t\t\t\t\t\t<p><span style=\"font-family: Muli;\">CO2-udledning er en af de st\u00f8rste trusler mod vores planet og klimaet. Det er vigtigt at \u00e6ndre vores forbrugsvaner for at reducere vores CO2-udledning og bidrage til en mere b\u00e6redygtig verden. Ved at bruge CO2-beregneren kan vi identificere omr\u00e5der, hvor vi kan g\u00f8re en forskel og tage de n\u00f8dvendige skridt til at reducere vores klimaaftryk. Det handler om at tage ansvar for vores egne handlinger og tage sm\u00e5, men vigtige skridt mod en mere b\u00e6redygtig fremtid. Sammen kan vi g\u00f8re en forskel og beskytte vores planet for kommende generationer. N\u00e6rvarme Danmarks CO2-beregner er et bud p\u00e5 en sjov og anderledes m\u00e5de at regne sin CO2-udledning p\u00e5. <\/span><\/p><p><span style=\"font-family: Muli;\">Omregn din CO2 udledning med vores CO2-beregner til: <\/span><\/p><p><span style=\"font-family: Muli;\">&#8211; Vingummibamser <\/span><\/p><p><span style=\"font-family: Muli;\">&#8211; Pakker sm\u00f8r af 250g<\/span><\/p><p><span style=\"font-family: Muli;\">&#8211; B\u00f8ffer af 200g<\/span><\/p><p><span style=\"font-family: Muli;\">&#8211; Flyrejser fra K\u00f8benhavn til Paris<\/span><\/p><p><span style=\"font-family: Muli;\">&#8211; Restaurantbes\u00f8g <\/span><\/p><p><span style=\"font-family: Muli;\">&#8211; 33 cl. pilsner\u00f8l <\/span><\/p><p><span style=\"font-family: Muli;\">og meget andet&#8230;<\/span><\/p>\t\t\t\t\t\t\t\t<\/div>\n\t\t\t\t<\/div>\n\t\t\t\t\t<\/div>\n\t\t\t\t<\/div>\n\t\t<div class=\"elementor-element elementor-element-558ca65 e-flex e-con-boxed e-con e-parent\" data-id=\"558ca65\" data-element_type=\"container\">\n\t\t\t\t\t<div class=\"e-con-inner\">\n\t\t\t\t<div class=\"elementor-element elementor-element-8f57ab6 elementor-widget elementor-widget-heading\" data-id=\"8f57ab6\" data-element_type=\"widget\" data-widget_type=\"heading.default\">\n\t\t\t\t<div class=\"elementor-widget-container\">\n\t\t\t\t\t<h3 class=\"elementor-heading-title elementor-size-default\">CO2-beregneren kort fortalt<\/h3>\t\t\t\t<\/div>\n\t\t\t\t<\/div>\n\t\t\t\t\t<\/div>\n\t\t\t\t<\/div>\n\t\t<div class=\"elementor-element elementor-element-c70102d e-flex e-con-boxed e-con e-parent\" data-id=\"c70102d\" data-element_type=\"container\">\n\t\t\t\t\t<div class=\"e-con-inner\">\n\t\t\t\t<div class=\"elementor-element elementor-element-0037a7c elementor-widget elementor-widget-text-editor\" data-id=\"0037a7c\" data-element_type=\"widget\" data-widget_type=\"text-editor.default\">\n\t\t\t\t<div class=\"elementor-widget-container\">\n\t\t\t\t\t\t\t\t\t<p><span style=\"font-family: Muli;\">1. CO2-beregneren er et v\u00e6rkt\u00f8j, der hj\u00e6lper med at beregne CO2-udledningen fra forskellige kilder.<\/span><\/p><p><span style=\"font-family: Muli;\">2. Ved hj\u00e6lp af CO2-beregneren kan man f\u00e5 sat et h\u00e5ndgribeligt billede p\u00e5, hvor stor klimagevinsten er, n\u00e5r man skrotter sit oliefyr eller gasfyr.<\/span><\/p><p><span style=\"font-family: Muli;\">3. CO2-beregneren er baseret p\u00e5 estimater fra Energistyrelsen om CO2-udledning, Concitos Contant, DCA \u2013 Nationalt Center for F\u00f8devarer og Jordbrug m.m.<\/span><\/p><p><span style=\"font-family: Muli;\">4. CO2-beregneren kan give et billede der identificerer omr\u00e5der, hvor man kan \u00e6ndre sine forbrugsvaner for at reducere sit klimaaftryk.<\/span><\/p><p><span style=\"font-family: Muli;\">5. CO2-beregneren er et nyttigt v\u00e6rkt\u00f8j for milj\u00f8bevidste individer, der \u00f8nsker at tage ansvar for deres egen CO2-udledning og bidrage til en mere b\u00e6redygtig verden.<\/span><\/p><p><span style=\"font-family: Muli;\">6. CO2-beregneren er nem at bruge og kr\u00e6ver kun, at du indtaster dine forbrugsdata for dit oliefyr, gasfyr eller pillefyr.<\/span><\/p><p><span style=\"font-family: Muli;\">7. Ved at sammenligne de forskellige varmekilder kan du se, hvor meget CO2 du kan spare ved at skifte til en mere milj\u00f8venlig varmepumpel\u00f8sning.<\/span><\/p><p><span style=\"font-family: Muli;\">8. CO2-beregneren er et sjovt og praktisk v\u00e6rkt\u00f8j til at f\u00e5 et hurtigt og effektivt overblik over dit klimaaftryk og hvor du kan g\u00f8re en indsats for milj\u00f8et.<\/span><\/p><p><span style=\"font-family: Muli;\">9. Brug CO2-beregneren til at tage de rigtige skridt til at \u00e6ndre dine vaner og reducere dit klimaaftryk, og hj\u00e6lp med at beskytte vores planet.<\/span><\/p><p><span style=\"font-family: Muli;\">10. Med vores CO2-beregner og online varmepumpe-prisberegner kan du nemt og bekvemt tage de f\u00f8rste skridt mod at reducere dit klimaaftryk og tage ansvar for en mere b\u00e6redygtig fremtid.<\/span><\/p><p>\u00a0<\/p><p><strong><em>Kilde til beregninger om CO2-udledning er Energistyrelsens CO2-udledningstal for gas og varmepumpe og oliefyr. L\u00e6s mere om milj\u00f8gevinst-estimat<\/em><\/strong> <a href=\"https:\/\/naervarme.dk\/klimabelastning-varmekilder\/\" target=\"_blank\" rel=\"noopener\">her<\/a>.<\/p>\t\t\t\t\t\t\t\t<\/div>\n\t\t\t\t<\/div>\n\t\t\t\t\t<\/div>\n\t\t\t\t<\/div>\n\t\t\t\t<\/div>\n\t\t","protected":false},"excerpt":{"rendered":"<p>Facebook Twitter Linkedin CO2-beregner: F\u00e5 styr p\u00e5 dit klimaaftryk Med CO2-beregneren eller CO2-omregneren kan du f\u00e5 sat et h\u00e5ndgribeligt billede p\u00e5, hvor stor klimagevinsten er, n\u00e5r du skrotter dit oliefyr eller gasfyr. Del siden med andre, hvis du kender nogen, der kan have gl\u00e6de af at se, hvor stor CO2-besparelsen faktisk er &#8211; at det [&hellip;]<\/p>\n","protected":false},"author":2,"featured_media":12923,"parent":0,"menu_order":0,"comment_status":"closed","ping_status":"closed","template":"","meta":{"footnotes":""},"class_list":["post-10","page","type-page","status-publish","has-post-thumbnail","hentry"],"_links":{"self":[{"href":"https:\/\/naervarme.dk\/co2-beregner\/wp-json\/wp\/v2\/pages\/10","targetHints":{"allow":["GET"]}}],"collection":[{"href":"https:\/\/naervarme.dk\/co2-beregner\/wp-json\/wp\/v2\/pages"}],"about":[{"href":"https:\/\/naervarme.dk\/co2-beregner\/wp-json\/wp\/v2\/types\/page"}],"author":[{"embeddable":true,"href":"https:\/\/naervarme.dk\/co2-beregner\/wp-json\/wp\/v2\/users\/2"}],"replies":[{"embeddable":true,"href":"https:\/\/naervarme.dk\/co2-beregner\/wp-json\/wp\/v2\/comments?post=10"}],"version-history":[{"count":57,"href":"https:\/\/naervarme.dk\/co2-beregner\/wp-json\/wp\/v2\/pages\/10\/revisions"}],"predecessor-version":[{"id":12986,"href":"https:\/\/naervarme.dk\/co2-beregner\/wp-json\/wp\/v2\/pages\/10\/revisions\/12986"}],"wp:featuredmedia":[{"embeddable":true,"href":"https:\/\/naervarme.dk\/co2-beregner\/wp-json\/wp\/v2\/media\/12923"}],"wp:attachment":[{"href":"https:\/\/naervarme.dk\/co2-beregner\/wp-json\/wp\/v2\/media?parent=10"}],"curies":[{"name":"wp","href":"https:\/\/api.w.org\/{rel}","templated":true}]}}