{"id":1011,"date":"2020-04-03T06:57:22","date_gmt":"2020-04-03T06:57:22","guid":{"rendered":"http:\/\/naervarme.dk\/erhverv\/?page_id=1011"},"modified":"2023-01-04T18:04:56","modified_gmt":"2023-01-04T16:04:56","slug":"naervarme-danmark","status":"publish","type":"page","link":"https:\/\/naervarme.dk\/erhverv\/naervarme-danmark\/","title":{"rendered":"N\u00e6rvarme Danmark A\/S"},"content":{"rendered":"\t\t<div data-elementor-type=\"wp-page\" data-elementor-id=\"1011\" class=\"elementor elementor-1011\" data-elementor-post-type=\"page\">\n\t\t\t\t\t\t<section class=\"has_eae_slider elementor-section elementor-top-section elementor-element elementor-element-30d90142 elementor-section-stretched elementor-section-full_width elementor-section-content-bottom elementor-section-height-default elementor-section-height-default\" data-eae-slider=\"15824\" data-id=\"30d90142\" data-element_type=\"section\" data-settings=\"{&quot;background_background&quot;:&quot;classic&quot;,&quot;stretch_section&quot;:&quot;section-stretched&quot;}\">\n\t\t\t\t\t\t<div class=\"elementor-container elementor-column-gap-default\">\n\t\t\t\t\t<div class=\"has_eae_slider elementor-column elementor-col-50 elementor-top-column elementor-element elementor-element-66632325\" data-eae-slider=\"30149\" data-id=\"66632325\" data-element_type=\"column\">\n\t\t\t<div class=\"elementor-widget-wrap elementor-element-populated\">\n\t\t\t\t\t\t<section class=\"has_eae_slider elementor-section elementor-inner-section elementor-element elementor-element-35f58f8c elementor-section-full_width elementor-section-height-default elementor-section-height-default\" data-eae-slider=\"4789\" data-id=\"35f58f8c\" data-element_type=\"section\">\n\t\t\t\t\t\t<div class=\"elementor-container elementor-column-gap-default\">\n\t\t\t\t\t<div class=\"has_eae_slider elementor-column elementor-col-100 elementor-inner-column elementor-element elementor-element-5dbfefab\" data-eae-slider=\"4110\" data-id=\"5dbfefab\" data-element_type=\"column\">\n\t\t\t<div class=\"elementor-widget-wrap elementor-element-populated\">\n\t\t\t\t\t\t<div class=\"elementor-element elementor-element-22f9d429 elementor-widget elementor-widget-heading\" data-id=\"22f9d429\" data-element_type=\"widget\" data-widget_type=\"heading.default\">\n\t\t\t\t<div class=\"elementor-widget-container\">\n\t\t\t\t\t<h1 class=\"elementor-heading-title elementor-size-default\">Om N\u00e6rvarme Danmark<\/h1>\t\t\t\t<\/div>\n\t\t\t\t<\/div>\n\t\t\t\t<div class=\"elementor-element elementor-element-b646449 streg elementor-view-default elementor-widget elementor-widget-icon\" data-id=\"b646449\" data-element_type=\"widget\" data-widget_type=\"icon.default\">\n\t\t\t\t<div class=\"elementor-widget-container\">\n\t\t\t\t\t\t\t<div class=\"elementor-icon-wrapper\">\n\t\t\t<div class=\"elementor-icon\">\n\t\t\t<svg xmlns=\"http:\/\/www.w3.org\/2000\/svg\" xmlns:xlink=\"http:\/\/www.w3.org\/1999\/xlink\" width=\"252.878\" height=\"41.148\" viewBox=\"0 0 252.878 41.148\"><defs><style>.a,.c{fill:none;}.b{clip-path:url(#a);}.c{stroke:#578d52;stroke-linecap:round;stroke-width:5.787px;}<\/style><clipPath id=\"a\"><path class=\"a\" d=\"M0,0H252.878V-41.148H0Z\" transform=\"translate(0 41.148)\"><\/path><\/clipPath><\/defs><g class=\"b\"><g transform=\"translate(2.894 2.894)\"><path class=\"c\" d=\"M0,0C15.616-17.691,38.613-21.388,56.253-4.775c8.2,7.726,14.691,17.326,25.709,20.831,10.63,3.382,22.02,1.034,31.069-5.513,13.543-9.8,23.6-28.191,41.8-28.308,19.49-.125,28.828,16.992,43.066,27.485,17.723,13.06,35.228,4.47,49.2-9.592\" transform=\"translate(0 17.766)\"><\/path><\/g><\/g><\/svg>\t\t\t<\/div>\n\t\t<\/div>\n\t\t\t\t\t\t<\/div>\n\t\t\t\t<\/div>\n\t\t\t\t<div class=\"elementor-element elementor-element-326af681 elementor-widget elementor-widget-text-editor\" data-id=\"326af681\" data-element_type=\"widget\" data-widget_type=\"text-editor.default\">\n\t\t\t\t<div class=\"elementor-widget-container\">\n\t\t\t\t\t\t\t\t\t<p><strong>N\u00e6r varme<\/strong><\/p><p>N\u00e6rvarme Danmark tager hver dag initiativ til en banebrydende indsats for klimaet og g\u00f8r alt andet end at lade det blive ved snakken.<\/p><p>Det er vigtigt for os, at det skal v\u00e6re s\u00e5 nemt for dig og alle andre som muligt. Derfor g\u00e5r vi op i at v\u00e6re eksperterne. Og det kr\u00e6ver, at vi holder os p\u00e5 t\u00e6erne og hele tiden har den nyeste viden. S\u00e5 vi kan give den viden videre til andre. Derfor engagerer vi os. Vi str\u00e6ber efter at bruge energi rationelt til at forhindre klimaforandringer. Vi st\u00e5r p\u00e5 en st\u00e6rk klippe fra energiselskabet SEF A\/S, som giver os mulighed for altid at udvikle, t\u00e6nke nyt og v\u00e6re de modige.<\/p><p>Vi tager ansvar for at give dig den bedste og mest ubekymrede l\u00f8sning. Og ansvar for, at det bliver s\u00e5 god en l\u00f8sning, at vi kan gl\u00e6de os til at f\u00f8lge dig. For vi kan godt lide, n\u00e5r det bliver personligt. Vi str\u00e6ber altid efter, at det skal v\u00e6re den bedste l\u00f8sning. For klimaet. For lokalomr\u00e5det. For dig. Og for os.<\/p><p>Sommetider betyder det, at vi g\u00e5r den ekstra mil for at g\u00f8re noget, der ligger ud over det, vi skal. Fordi vi ikke kan lade v\u00e6re. Fordi n\u00e6rvarme betyder noget for os. Fordi klimaet betyder noget for alle. N\u00e6rvarme Danmark er netop d\u00e9t: N\u00e6rt og helt t\u00e6t p\u00e5 dit og klimaets behov.<\/p>\t\t\t\t\t\t\t\t<\/div>\n\t\t\t\t<\/div>\n\t\t\t\t<div class=\"elementor-element elementor-element-fc9af59 elementor-align-left elementor-tablet-align-justify elementor-mobile-align-justify elementor-widget elementor-widget-button\" data-id=\"fc9af59\" data-element_type=\"widget\" data-widget_type=\"button.default\">\n\t\t\t\t<div class=\"elementor-widget-container\">\n\t\t\t\t\t\t\t\t\t<div class=\"elementor-button-wrapper\">\n\t\t\t\t\t<a class=\"elementor-button elementor-button-link elementor-size-sm elementor-animation-grow\" href=\"https:\/\/naervarme.dk\/erhverv\/bestil-tilbud-erhvervsloesning\/\">\n\t\t\t\t\t\t<span class=\"elementor-button-content-wrapper\">\n\t\t\t\t\t\t\t\t\t<span class=\"elementor-button-text\">Bestil her<\/span>\n\t\t\t\t\t<\/span>\n\t\t\t\t\t<\/a>\n\t\t\t\t<\/div>\n\t\t\t\t\t\t\t\t<\/div>\n\t\t\t\t<\/div>\n\t\t\t\t\t<\/div>\n\t\t<\/div>\n\t\t\t\t\t<\/div>\n\t\t<\/section>\n\t\t\t\t\t<\/div>\n\t\t<\/div>\n\t\t\t\t<div class=\"has_eae_slider elementor-column elementor-col-50 elementor-top-column elementor-element elementor-element-74e04a8b\" data-eae-slider=\"30317\" data-id=\"74e04a8b\" data-element_type=\"column\" data-settings=\"{&quot;background_background&quot;:&quot;classic&quot;}\">\n\t\t\t<div class=\"elementor-widget-wrap elementor-element-populated\">\n\t\t\t\t\t\t<div class=\"elementor-element elementor-element-c3410f8 elementor-widget elementor-widget-image\" data-id=\"c3410f8\" data-element_type=\"widget\" data-widget_type=\"image.default\">\n\t\t\t\t<div class=\"elementor-widget-container\">\n\t\t\t\t\t\t\t\t\t\t\t\t\t\t\t<img fetchpriority=\"high\" decoding=\"async\" width=\"800\" height=\"462\" src=\"https:\/\/naervarme.dk\/erhverv\/wp-content\/uploads\/sites\/5\/varmepumpe-til-erhverv-1024x591.png\" class=\"attachment-large size-large wp-image-8586\" alt=\"Varmepumpe til erhverv. Slip for investeringen, arbejdet og koncentrer dig om der, hvor du skaber v\u00e6rdi.\" srcset=\"https:\/\/naervarme.dk\/erhverv\/wp-content\/uploads\/sites\/5\/varmepumpe-til-erhverv-1024x591.png 1024w, https:\/\/naervarme.dk\/erhverv\/wp-content\/uploads\/sites\/5\/varmepumpe-til-erhverv-300x173.png 300w, https:\/\/naervarme.dk\/erhverv\/wp-content\/uploads\/sites\/5\/varmepumpe-til-erhverv-768x444.png 768w, https:\/\/naervarme.dk\/erhverv\/wp-content\/uploads\/sites\/5\/varmepumpe-til-erhverv.png 1200w\" sizes=\"(max-width: 800px) 100vw, 800px\" \/>\t\t\t\t\t\t\t\t\t\t\t\t\t\t\t<\/div>\n\t\t\t\t<\/div>\n\t\t\t\t\t<\/div>\n\t\t<\/div>\n\t\t\t\t\t<\/div>\n\t\t<\/section>\n\t\t\t\t<section class=\"has_eae_slider elementor-section elementor-top-section elementor-element elementor-element-f544a73 elementor-section-boxed elementor-section-height-default elementor-section-height-default\" data-eae-slider=\"41612\" data-id=\"f544a73\" data-element_type=\"section\" data-settings=\"{&quot;background_background&quot;:&quot;classic&quot;}\">\n\t\t\t\t\t\t<div class=\"elementor-container elementor-column-gap-default\">\n\t\t\t\t\t<div class=\"has_eae_slider elementor-column elementor-col-100 elementor-top-column elementor-element elementor-element-67b570c\" data-eae-slider=\"7978\" data-id=\"67b570c\" data-element_type=\"column\">\n\t\t\t<div class=\"elementor-widget-wrap elementor-element-populated\">\n\t\t\t\t\t\t<div class=\"elementor-element elementor-element-2087705 elementor-skin-carousel elementor-arrows-yes elementor-pagination-type-bullets elementor-pagination-position-outside elementor-widget elementor-widget-media-carousel\" data-id=\"2087705\" data-element_type=\"widget\" data-settings=\"{&quot;slides_per_view&quot;:&quot;2&quot;,&quot;slides_to_scroll&quot;:&quot;1&quot;,&quot;skin&quot;:&quot;carousel&quot;,&quot;effect&quot;:&quot;slide&quot;,&quot;show_arrows&quot;:&quot;yes&quot;,&quot;pagination&quot;:&quot;bullets&quot;,&quot;speed&quot;:500,&quot;autoplay&quot;:&quot;yes&quot;,&quot;autoplay_speed&quot;:5000,&quot;loop&quot;:&quot;yes&quot;,&quot;pause_on_hover&quot;:&quot;yes&quot;,&quot;pause_on_interaction&quot;:&quot;yes&quot;,&quot;space_between&quot;:{&quot;unit&quot;:&quot;px&quot;,&quot;size&quot;:10,&quot;sizes&quot;:[]},&quot;space_between_tablet&quot;:{&quot;unit&quot;:&quot;px&quot;,&quot;size&quot;:10,&quot;sizes&quot;:[]},&quot;space_between_mobile&quot;:{&quot;unit&quot;:&quot;px&quot;,&quot;size&quot;:10,&quot;sizes&quot;:[]}}\" data-widget_type=\"media-carousel.default\">\n\t\t\t\t<div class=\"elementor-widget-container\">\n\t\t\t\t\t\t\t\t\t<div class=\"elementor-swiper\">\n\t\t\t\t\t<div class=\"elementor-main-swiper swiper\" role=\"region\" aria-roledescription=\"carousel\" aria-label=\"Dias (slides)\">\n\t\t\t\t<div class=\"swiper-wrapper\">\n\t\t\t\t\t\t\t\t\t\t\t<div class=\"swiper-slide\" role=\"group\" aria-roledescription=\"slide\">\n\t\t\t\t\t\t\t<a href=\"https:\/\/www.ingenco2.dk\/certificate\/6431\/da\">\t\t<div class=\"elementor-carousel-image lazyload\" role=\"img\" aria-label=\"N\u00e6rvarme Danmarks hjemmeside er CO2-neutral\" style=\"background-image:inherit\" data-bg-image=\"url(&#039;https:\/\/naervarme.dk\/erhverv\/wp-content\/uploads\/sites\/5\/co2neutralt.png&#039;)\">\n\n\t\t\t\n\t\t\t\t\t<\/div>\n\t\t<\/a>\t\t\t\t\t\t<\/div>\n\t\t\t\t\t\t\t\t\t\t\t<div class=\"swiper-slide\" role=\"group\" aria-roledescription=\"slide\">\n\t\t\t\t\t\t\t<a href=\"https:\/\/miljoevenlig-pakning.dk\/\">\t\t<div class=\"elementor-carousel-image lazyload\" role=\"img\" aria-label=\"miljoe-pakning-badge-150x150-1\" style=\"background-image:inherit\" data-bg-image=\"url(&#039;https:\/\/naervarme.dk\/erhverv\/wp-content\/uploads\/sites\/5\/miljoe-pakning-badge-150x150-1.png&#039;)\">\n\n\t\t\t\n\t\t\t\t\t<\/div>\n\t\t<\/a>\t\t\t\t\t\t<\/div>\n\t\t\t\t\t\t\t\t\t<\/div>\n\t\t\t\t\t\t\t\t\t\t\t\t\t\t\t<div class=\"elementor-swiper-button elementor-swiper-button-prev\" role=\"button\" tabindex=\"0\" aria-label=\"Tidligere\">\n\t\t\t\t\t\t\t<i aria-hidden=\"true\" class=\"eicon-chevron-left\"><\/i>\t\t\t\t\t\t<\/div>\n\t\t\t\t\t\t<div class=\"elementor-swiper-button elementor-swiper-button-next\" role=\"button\" tabindex=\"0\" aria-label=\"N\u00e6ste\">\n\t\t\t\t\t\t\t<i aria-hidden=\"true\" class=\"eicon-chevron-right\"><\/i>\t\t\t\t\t\t<\/div>\n\t\t\t\t\t\t\t\t\t\t\t\t\t\t\t\t<div class=\"swiper-pagination\"><\/div>\n\t\t\t\t\t\t\t\t\t\t\t\t<\/div>\n\t\t\t\t<\/div>\n\t\t\t\t\t\t\t\t<\/div>\n\t\t\t\t<\/div>\n\t\t\t\t\t<\/div>\n\t\t<\/div>\n\t\t\t\t\t<\/div>\n\t\t<\/section>\n\t\t\t\t<\/div>\n\t\t","protected":false},"excerpt":{"rendered":"<p>Om N\u00e6rvarme Danmark N\u00e6r varme N\u00e6rvarme Danmark tager hver dag initiativ til en banebrydende indsats for klimaet og g\u00f8r alt andet end at lade det blive ved snakken. Det er vigtigt for os, at det skal v\u00e6re s\u00e5 nemt for dig og alle andre som muligt. Derfor g\u00e5r vi op i at v\u00e6re eksperterne. Og [&hellip;]<\/p>\n","protected":false},"author":1,"featured_media":0,"parent":0,"menu_order":0,"comment_status":"closed","ping_status":"closed","template":"","meta":{"_acf_changed":false,"footnotes":""},"class_list":["post-1011","page","type-page","status-publish","hentry"],"acf":[],"yoast_head":"<!-- This site is optimized with the Yoast SEO Premium plugin v27.1 (Yoast SEO v27.1.1) - https:\/\/yoast.com\/product\/yoast-seo-premium-wordpress\/ -->\n<title>Om N\u00e6rvarme Danmark A\/S<\/title>\n<meta name=\"description\" content=\"Om N\u00e6rvarme Danmark A\/S. L\u00e6s mere om erhvervsl\u00f8sninger og boligforeningsl\u00f8sninger med en luft til vand varmepumpe p\u00e5 abonnement.\" \/>\n<meta name=\"robots\" content=\"index, follow, max-snippet:-1, max-image-preview:large, max-video-preview:-1\" \/>\n<link rel=\"canonical\" href=\"https:\/\/naervarme.dk\/naervarme-danmark\/\" \/>\n<meta property=\"og:locale\" content=\"da_DK\" \/>\n<meta property=\"og:type\" content=\"article\" \/>\n<meta property=\"og:title\" content=\"N\u00e6rvarme Danmark A\/S\" \/>\n<meta property=\"og:description\" content=\"Om N\u00e6rvarme Danmark A\/S. L\u00e6s mere om erhvervsl\u00f8sninger og boligforeningsl\u00f8sninger med en luft til vand varmepumpe p\u00e5 abonnement.\" \/>\n<meta property=\"og:url\" content=\"https:\/\/naervarme.dk\/naervarme-danmark\/\" \/>\n<meta property=\"og:site_name\" content=\"N\u00e6rvarme Danmark A\/S - Erhverv\" \/>\n<meta property=\"article:publisher\" content=\"https:\/\/www.facebook.com\/NaervarmeDanmark\" \/>\n<meta property=\"article:modified_time\" content=\"2023-01-04T16:04:56+00:00\" \/>\n<meta property=\"og:image\" content=\"https:\/\/naervarme.dk\/erhverv\/wp-content\/uploads\/sites\/5\/varmepumpe-til-erhverv-1024x591.png\" \/>\n<meta name=\"twitter:card\" content=\"summary_large_image\" \/>\n<meta name=\"twitter:site\" content=\"@NaervarmeDK\" \/>\n<meta name=\"twitter:label1\" content=\"Estimeret l\u00e6setid\" \/>\n\t<meta name=\"twitter:data1\" content=\"2 minutter\" \/>\n<script type=\"application\/ld+json\" class=\"yoast-schema-graph\">{\"@context\":\"https:\/\/schema.org\",\"@graph\":[{\"@type\":\"WebPage\",\"@id\":\"https:\/\/naervarme.dk\/erhverv\/naervarme-danmark\/\",\"url\":\"https:\/\/naervarme.dk\/naervarme-danmark\/\",\"name\":\"Om N\u00e6rvarme Danmark A\/S\",\"isPartOf\":{\"@id\":\"https:\/\/naervarme.dk\/erhverv\/#website\"},\"primaryImageOfPage\":{\"@id\":\"https:\/\/naervarme.dk\/naervarme-danmark\/#primaryimage\"},\"image\":{\"@id\":\"https:\/\/naervarme.dk\/naervarme-danmark\/#primaryimage\"},\"thumbnailUrl\":\"https:\/\/naervarme.dk\/erhverv\/wp-content\/uploads\/sites\/5\/varmepumpe-til-erhverv-1024x591.png\",\"datePublished\":\"2020-04-03T06:57:22+00:00\",\"dateModified\":\"2023-01-04T16:04:56+00:00\",\"description\":\"Om N\u00e6rvarme Danmark A\/S. L\u00e6s mere om erhvervsl\u00f8sninger og boligforeningsl\u00f8sninger med en luft til vand varmepumpe p\u00e5 abonnement.\",\"breadcrumb\":{\"@id\":\"https:\/\/naervarme.dk\/naervarme-danmark\/#breadcrumb\"},\"inLanguage\":\"da-DK\",\"potentialAction\":[{\"@type\":\"ReadAction\",\"target\":[\"https:\/\/naervarme.dk\/naervarme-danmark\/\"]}]},{\"@type\":\"ImageObject\",\"inLanguage\":\"da-DK\",\"@id\":\"https:\/\/naervarme.dk\/naervarme-danmark\/#primaryimage\",\"url\":\"https:\/\/naervarme.dk\/erhverv\/wp-content\/uploads\/sites\/5\/varmepumpe-til-erhverv.png\",\"contentUrl\":\"https:\/\/naervarme.dk\/erhverv\/wp-content\/uploads\/sites\/5\/varmepumpe-til-erhverv.png\",\"width\":1200,\"height\":693,\"caption\":\"Varmepumpe til erhverv. Slip for investeringen, arbejdet og koncentrer dig om der, hvor du skaber v\u00e6rdi.\"},{\"@type\":\"BreadcrumbList\",\"@id\":\"https:\/\/naervarme.dk\/naervarme-danmark\/#breadcrumb\",\"itemListElement\":[{\"@type\":\"ListItem\",\"position\":1,\"name\":\"Hjem\",\"item\":\"https:\/\/naervarme.dk\/erhverv\/\"},{\"@type\":\"ListItem\",\"position\":2,\"name\":\"N\u00e6rvarme Danmark A\/S\"}]},{\"@type\":\"WebSite\",\"@id\":\"https:\/\/naervarme.dk\/erhverv\/#website\",\"url\":\"https:\/\/naervarme.dk\/erhverv\/\",\"name\":\"N\u00e6rvarme Danmark A\/S - Erhverv\",\"description\":\"| N\u00e6rvarme med luft til vand varmepumper p\u00e5 abonnement. Helt enkelt.\",\"publisher\":{\"@id\":\"https:\/\/naervarme.dk\/erhverv\/#organization\"},\"potentialAction\":[{\"@type\":\"SearchAction\",\"target\":{\"@type\":\"EntryPoint\",\"urlTemplate\":\"https:\/\/naervarme.dk\/erhverv\/?s={search_term_string}\"},\"query-input\":{\"@type\":\"PropertyValueSpecification\",\"valueRequired\":true,\"valueName\":\"search_term_string\"}}],\"inLanguage\":\"da-DK\"},{\"@type\":\"Organization\",\"@id\":\"https:\/\/naervarme.dk\/erhverv\/#organization\",\"name\":\"N\u00e6rvarme Danmark A\/S\",\"url\":\"https:\/\/naervarme.dk\/erhverv\/\",\"logo\":{\"@type\":\"ImageObject\",\"inLanguage\":\"da-DK\",\"@id\":\"https:\/\/naervarme.dk\/erhverv\/#\/schema\/logo\/image\/\",\"url\":\"https:\/\/naervarme.dk\/erhverv\/wp-content\/uploads\/sites\/5\/2020\/03\/gr\u00f8n-logo.png\",\"contentUrl\":\"https:\/\/naervarme.dk\/erhverv\/wp-content\/uploads\/sites\/5\/2020\/03\/gr\u00f8n-logo.png\",\"width\":2436,\"height\":524,\"caption\":\"N\u00e6rvarme Danmark A\/S\"},\"image\":{\"@id\":\"https:\/\/naervarme.dk\/erhverv\/#\/schema\/logo\/image\/\"},\"sameAs\":[\"https:\/\/www.facebook.com\/NaervarmeDanmark\",\"https:\/\/x.com\/NaervarmeDK\",\"https:\/\/www.linkedin.com\/company\/nrvarme-danmark\/\",\"https:\/\/www.instagram.com\/naervarmedanmark\/\",\"https:\/\/www.youtube.com\/channel\/UCD5SIHeT43b5-nZn8FkWubg\"]}]}<\/script>\n<!-- \/ Yoast SEO Premium plugin. -->","yoast_head_json":{"title":"Om N\u00e6rvarme Danmark A\/S","description":"Om N\u00e6rvarme Danmark A\/S. L\u00e6s mere om erhvervsl\u00f8sninger og boligforeningsl\u00f8sninger med en luft til vand varmepumpe p\u00e5 abonnement.","robots":{"index":"index","follow":"follow","max-snippet":"max-snippet:-1","max-image-preview":"max-image-preview:large","max-video-preview":"max-video-preview:-1"},"canonical":"https:\/\/naervarme.dk\/naervarme-danmark\/","og_locale":"da_DK","og_type":"article","og_title":"N\u00e6rvarme Danmark A\/S","og_description":"Om N\u00e6rvarme Danmark A\/S. L\u00e6s mere om erhvervsl\u00f8sninger og boligforeningsl\u00f8sninger med en luft til vand varmepumpe p\u00e5 abonnement.","og_url":"https:\/\/naervarme.dk\/naervarme-danmark\/","og_site_name":"N\u00e6rvarme Danmark A\/S - Erhverv","article_publisher":"https:\/\/www.facebook.com\/NaervarmeDanmark","article_modified_time":"2023-01-04T16:04:56+00:00","og_image":[{"url":"https:\/\/naervarme.dk\/erhverv\/wp-content\/uploads\/sites\/5\/varmepumpe-til-erhverv-1024x591.png","type":"","width":"","height":""}],"twitter_card":"summary_large_image","twitter_site":"@NaervarmeDK","twitter_misc":{"Estimeret l\u00e6setid":"2 minutter"},"schema":{"@context":"https:\/\/schema.org","@graph":[{"@type":"WebPage","@id":"https:\/\/naervarme.dk\/erhverv\/naervarme-danmark\/","url":"https:\/\/naervarme.dk\/naervarme-danmark\/","name":"Om N\u00e6rvarme Danmark A\/S","isPartOf":{"@id":"https:\/\/naervarme.dk\/erhverv\/#website"},"primaryImageOfPage":{"@id":"https:\/\/naervarme.dk\/naervarme-danmark\/#primaryimage"},"image":{"@id":"https:\/\/naervarme.dk\/naervarme-danmark\/#primaryimage"},"thumbnailUrl":"https:\/\/naervarme.dk\/erhverv\/wp-content\/uploads\/sites\/5\/varmepumpe-til-erhverv-1024x591.png","datePublished":"2020-04-03T06:57:22+00:00","dateModified":"2023-01-04T16:04:56+00:00","description":"Om N\u00e6rvarme Danmark A\/S. L\u00e6s mere om erhvervsl\u00f8sninger og boligforeningsl\u00f8sninger med en luft til vand varmepumpe p\u00e5 abonnement.","breadcrumb":{"@id":"https:\/\/naervarme.dk\/naervarme-danmark\/#breadcrumb"},"inLanguage":"da-DK","potentialAction":[{"@type":"ReadAction","target":["https:\/\/naervarme.dk\/naervarme-danmark\/"]}]},{"@type":"ImageObject","inLanguage":"da-DK","@id":"https:\/\/naervarme.dk\/naervarme-danmark\/#primaryimage","url":"https:\/\/naervarme.dk\/erhverv\/wp-content\/uploads\/sites\/5\/varmepumpe-til-erhverv.png","contentUrl":"https:\/\/naervarme.dk\/erhverv\/wp-content\/uploads\/sites\/5\/varmepumpe-til-erhverv.png","width":1200,"height":693,"caption":"Varmepumpe til erhverv. Slip for investeringen, arbejdet og koncentrer dig om der, hvor du skaber v\u00e6rdi."},{"@type":"BreadcrumbList","@id":"https:\/\/naervarme.dk\/naervarme-danmark\/#breadcrumb","itemListElement":[{"@type":"ListItem","position":1,"name":"Hjem","item":"https:\/\/naervarme.dk\/erhverv\/"},{"@type":"ListItem","position":2,"name":"N\u00e6rvarme Danmark A\/S"}]},{"@type":"WebSite","@id":"https:\/\/naervarme.dk\/erhverv\/#website","url":"https:\/\/naervarme.dk\/erhverv\/","name":"N\u00e6rvarme Danmark A\/S - Erhverv","description":"| N\u00e6rvarme med luft til vand varmepumper p\u00e5 abonnement. Helt enkelt.","publisher":{"@id":"https:\/\/naervarme.dk\/erhverv\/#organization"},"potentialAction":[{"@type":"SearchAction","target":{"@type":"EntryPoint","urlTemplate":"https:\/\/naervarme.dk\/erhverv\/?s={search_term_string}"},"query-input":{"@type":"PropertyValueSpecification","valueRequired":true,"valueName":"search_term_string"}}],"inLanguage":"da-DK"},{"@type":"Organization","@id":"https:\/\/naervarme.dk\/erhverv\/#organization","name":"N\u00e6rvarme Danmark A\/S","url":"https:\/\/naervarme.dk\/erhverv\/","logo":{"@type":"ImageObject","inLanguage":"da-DK","@id":"https:\/\/naervarme.dk\/erhverv\/#\/schema\/logo\/image\/","url":"https:\/\/naervarme.dk\/erhverv\/wp-content\/uploads\/sites\/5\/2020\/03\/gr\u00f8n-logo.png","contentUrl":"https:\/\/naervarme.dk\/erhverv\/wp-content\/uploads\/sites\/5\/2020\/03\/gr\u00f8n-logo.png","width":2436,"height":524,"caption":"N\u00e6rvarme Danmark A\/S"},"image":{"@id":"https:\/\/naervarme.dk\/erhverv\/#\/schema\/logo\/image\/"},"sameAs":["https:\/\/www.facebook.com\/NaervarmeDanmark","https:\/\/x.com\/NaervarmeDK","https:\/\/www.linkedin.com\/company\/nrvarme-danmark\/","https:\/\/www.instagram.com\/naervarmedanmark\/","https:\/\/www.youtube.com\/channel\/UCD5SIHeT43b5-nZn8FkWubg"]}]}},"_links":{"self":[{"href":"https:\/\/naervarme.dk\/erhverv\/wp-json\/wp\/v2\/pages\/1011","targetHints":{"allow":["GET"]}}],"collection":[{"href":"https:\/\/naervarme.dk\/erhverv\/wp-json\/wp\/v2\/pages"}],"about":[{"href":"https:\/\/naervarme.dk\/erhverv\/wp-json\/wp\/v2\/types\/page"}],"author":[{"embeddable":true,"href":"https:\/\/naervarme.dk\/erhverv\/wp-json\/wp\/v2\/users\/1"}],"replies":[{"embeddable":true,"href":"https:\/\/naervarme.dk\/erhverv\/wp-json\/wp\/v2\/comments?post=1011"}],"version-history":[{"count":16,"href":"https:\/\/naervarme.dk\/erhverv\/wp-json\/wp\/v2\/pages\/1011\/revisions"}],"predecessor-version":[{"id":8682,"href":"https:\/\/naervarme.dk\/erhverv\/wp-json\/wp\/v2\/pages\/1011\/revisions\/8682"}],"wp:attachment":[{"href":"https:\/\/naervarme.dk\/erhverv\/wp-json\/wp\/v2\/media?parent=1011"}],"curies":[{"name":"wp","href":"https:\/\/api.w.org\/{rel}","templated":true}]}}